 16, what is 17 - 25aa?
-2593
In base 15, what is -7d - -11a?
8c
In base 8, what is 70 + -266?
-176
In base 10, what is 3 + 6108?
6111
In base 2, what is -11000110101010 + -11?
-11000110101101
In base 9, what is 16 + 448253?
448270
In base 5, what is -1010314 + -24?
-1010343
In base 15, what is 6 + -2d0e0?
-2d0d9
In base 3, what is -22102102 + 20121?
-22011211
In base 3, what is -200 - -2111000?
2110100
In base 15, what is -9 - aa04e?
-aa058
In base 2, what is 1000010011010101101 - 0?
1000010011010101101
In base 3, what is 1 - -1010122002?
1010122010
In base 10, what is -2578269 + -1?
-2578270
In base 4, what is 1112100101 - 3?
1112100032
In base 11, what is -51778a + -7?
-517796
In base 11, what is 150544 + 17?
150560
In base 12, what is -77323 + 3?
-77320
In base 5, what is -4 + -423120131?
-423120140
In base 4, what is 23 - -2301300?
2301323
In base 11, what is 1 - -117091?
117092
In base 16, what is 19e43 - 5?
19e3e
In base 5, what is 123404023 + 4?
123404032
In base 4, what is -10 - -113130211?
113130201
In base 9, what is 441 + -251?
180
In base 2, what is 1000011111011 - -11000010?
1000110111101
In base 6, what is -21 - -25405?
25344
In base 11, what is -85464 - 1?
-85465
In base 3, what is 12211 + -21221110?
-21201122
In base 6, what is -131 - -5?
-122
In base 16, what is 2522 - 7?
251b
In base 11, what is -144 - -3a1?
258
In base 8, what is -44 + -44250?
-44314
In base 12, what is 28b7 - 14?
28a3
In base 14, what is b64a + 29?
b675
In base 10, what is -108 + -8104?
-8212
In base 15, what is 2 - 7ecb?
-7ec9
In base 4, what is -1 + 111031321?
111031320
In base 6, what is -1331421 + -15?
-1331440
In base 15, what is -16 + -5758?
-576e
In base 9, what is -7687 - -6?
-7681
In base 7, what is 1 - 62334?
-62333
In base 8, what is 1117 - 1375?
-256
In base 5, what is -304 - -31?
-223
In base 16, what is 567 - -d?
574
In base 4, what is 2 - -21033?
21101
In base 14, what is -4 - -77d?
779
In base 7, what is -4513 - -613?
-3600
In base 8, what is -1 - -570150?
570147
In base 2, what is -101000101100101010 + 100?
-101000101100100110
In base 3, what is 120022 - 200100?
-10001
In base 15, what is -1b0 - 88b?
-a4b
In base 2, what is -10101000011001111100 - 1?
-10101000011001111101
In base 5, what is 4 - -11100343?
11100402
In base 16, what is 14 + 1546?
155a
In base 5, what is 2031403020 + 2?
2031403022
In base 16, what is -2a - 1689?
-16b3
In base 11, what is -63 + 700?
648
In base 15, what is 3 + 19d726?
19d729
In base 11, what is 104 - -358?
461
In base 5, what is 333 - -41220?
42103
In base 9, what is 2 + 133365?
133367
In base 11, what is 49 - 1916?
-1878
In base 5, what is 1104110 - 124?
1103431
In base 16, what is 1e52 + -cd?
1d85
In base 4, what is 3011223 + -3?
3011220
In base 12, what is -24b - -2194?
1b45
In base 11, what is -34716 - -11?
-34705
In base 8, what is -5 - 3027170?
-3027175
In base 16, what is 0 + -354be?
-354be
In base 8, what is 1 - 160763?
-160762
In base 4, what is 2 + 12333131?
12333133
In base 15, what is -48 + -5327?
-5370
In base 11, what is 86239 - 1?
86238
In base 2, what is 100010 + -11010001111011?
-11010001011001
In base 5, what is -210140312 + 1?
-210140311
In base 14, what is 41d + 2b?
44a
In base 5, what is -2101 - -300?
-1301
In base 11, what is 37 + 338?
374
In base 2, what is -1100110001 - 100001111?
-10001000000
In base 11, what is 1 + 17390?
17391
In base 4, what is 111 + -122213?
-122102
In base 13, what is 2989a + -3?
29897
In base 7, what is 155 + 1522?
2010
In base 3, what is 120 + -1200?
-1010
In base 9, what is -84883 + -1?
-84884
In base 7, what is 6 + 232250?
232256
In base 12, what is 0 - 147490?
-147490
In base 8, what is -116 + 1675?
1557
In base 2, what is -100101 - -1001001?
100100
In base 3, what is 110202 - 102101?
1101
In base 14, what is -5 - -5adb?
5ad6
In base 8, what is 0 + -1515250?
-1515250
In base 16, what is 1f9 - 456?
-25d
In base 10, what is -24 + 11598?
11574
In base 5, what is -2002330421 - -4?
-2002330412
In base 11, what is -14177 + -2?
-14179
In base 15, what is 1420950 - -4?
1420954
In base 7, what is -114 + 531506?
531362
In base 5, what is 10120 + -4?
10111
In base 7, what is -410454 + -36?
-410523
In base 12, what is -1b + 2039?
201a
In base 15, what is -9a25 - -2?
-9a23
In base 9, what is -5 + 138878?
138873
In base 2, what is -111001111110 + 10000100?
-110111111010
In base 2, what is 10 + 11101101000110010?
11101101000110100
In base 12, what is -2 - -574b?
5749
In base 6, what is 2141222 - -133?
2141355
In base 7, what is 5210 + -345?
4532
In base 10, what is -3 - 802933?
-802936
In base 14, what is 569 + 41?
5aa
In base 8, what is 224 - -11422?
11646
In base 13, what is -34 + 1320?
12b9
In base 11, what is -a + 13267?
13258
In base 16, what is 14d - -2fa?
447
In base 13, what is -7 - 2831?
-2838
In base 13, what is -154b6 - 52?
-15538
In base 8, what is -146567 - 31?
-146620
In base 14, what is -11 + 5dcca?
5dcb9
In base 9, what is 1522 - 0?
1522
In base 7, what is -166 + 301?
102
In base 8, what is -2 - -152327?
152325
In base 16, what is -a562f - -3?
-a562c
In base 11, what is 1 - -623a?
6240
In base 6, what is 2024 - -1045?
3113
In base 7, what is -15 - 6224?
-6242
In base 15, what is 94 + -287?
-1e3
In base 16, what is -b - 12283?
-1228e
In base 14, what is -98ca - 26?
-9912
In base 8, what is -10630 - -224?
-10404
In base 2, what is 10 - 11001101000?
-11001100110
In base 11, what is 4 + 22867?
22870
In base 7, what is 22562 - -30?
22622
In base 8, what is -3763 - 337?
-4322
In base 16, what is 25550 + b?
2555b
In base 2, what is 1 - -10111111010111?
10111111011000
In base 16, what is -7ff2 + a?
-7fe8
In base 5, what is 31 - -313431?
314012
In base 7, what is 14123 + -54?
14036
In base 15, what is 16 + 9d5?
9eb
In base 16, what is -105c0 + 7?
-105b9
In base 16, what is 5 - -60ca?
60cf
In base 3, what is -100012222 - 11?
-100020010
In base 12, what is -27 + 1179?
1152
In base 15, what is -d47 - 2?
-d49
In base 3, what is -1002022 - 2011200?
-10020222
In base 6, what is 5 - -152521?
152530
In base 4, what is 3 - -230003220?
230003223
In base 12, what is 1 + 503675?
503676
In base 11, what is -143656 + 0?
-143656
In base 13, what is 16 - -4cb8?
5001
In base 6, what is 115511550 - -1?
115511551
In base 9, what is 74446 - 1?
74445
In base 6, what is 3 - -53213?
53220
In base 8, what is 5356 - 2055?
3301
In base 4, what is 1022 - 1112313?
-1111231
In base 14, what is -5 - 12d5?
-12da
In base 4, what is -20 - -31?
11
In base 8, what is -1547 - -601?
-746
In base 4, what is -111003232 - 1?
-111003233
In base 10, what is -81 - 81?
-162
In base 3, what is 2000221 - 1000?
1222221
In base 7, what is -4 + 123523?
123516
In base 6, what is 343143 - 24?
343115
In base 6, what is 15223 + 10?
15233
In base 2, what is 1001110110 + 11110110?
1101101100
In base 8, what is 2 - 61256?
-61254
In base 14, what is -387b6 - -5?
-387b1
In base 5, what is -103 - -14233?
14130
In base 12, what is 2 - 5bba26?
-5bba24
In base 15, what is 14 + 6a6b?
6a80
In base 5, what is 3242004 - -13?
3242022
In base 5, what is -32010041 + -3?
-32010044
In base 5, what is 4 + -43234?
-43230
In base 10, what is 64 + 3497?
3561
In base 12, what is 8634b + 4?
86353
In base 4, what is 3001133030 + -10?
3001133020
In base 9, what is 185 + -1502?
-1306
In base 13, what is 1960 + -2?
195b
In base 6, what is -110 + 34551?
34441
In base 8, what is 22264 + 35?
22321
In base 12, what is 36 + -466?
-430
In base 10, what is 1386 + -10?
1376
In base 9, what is -526584 + -2?
-526586
In base 16, what is 104 - -4d?
151
In base 2, what is 10010010 - -111110001?
1010000011
In base 10, what is 70 - -3767?
3837
In base 2, what is 111 + 10000100000001111?
10000100000010110
In base 3, what is -12002 + 200222?
111220
In base 13, what is -c - 7a74?
-7a83
In base 12, what is 25 - -271?
296
In base 12, what is 8a8 + 52?
93a
In base 5, what is -132202034 + -3?
-132202042
In base 5, what is -1 - 14141140?
-14141141
In base 7, what is 13344 - -5?
13352
In base 16, what is 7 - -66b13?
66b1a
In base 4, what is 321 + -231200?
-230213
In base 6, what is 1351204 - 4?
1351200
In base 2, what is 1111111100101000 + -1?
1111111100100111
In base 12, what is 5 - -6b2?
6b7
In base 15, what is -1312 + 5?
-130c
In base 8, what is 6015161 - 1?
601